[INFO] fetching crate md_render_lib 0.1.0...
[INFO] checking md_render_lib-0.1.0 against master#af3c6e733a40e671550e0f0f5aeecaa13772ba56 for pr-74989
[INFO] extracting crate md_render_lib 0.1.0 into /workspace/builds/worker-7/source
[INFO] validating manifest of crates.io crate md_render_lib 0.1.0 on toolchain af3c6e733a40e671550e0f0f5aeecaa13772ba56
[INFO] running `Command { std: "/workspace/cargo-home/bin/cargo" "+af3c6e733a40e671550e0f0f5aeecaa13772ba56" "read-manifest" "--manifest-path" "Cargo.toml", kill_on_drop: false }`
[INFO] started tweaking crates.io crate md_render_lib 0.1.0
[INFO] finished tweaking crates.io crate md_render_lib 0.1.0
[INFO] tweaked toml for crates.io crate md_render_lib 0.1.0 written to /workspace/builds/worker-7/source/Cargo.toml
[INFO] running `Command { std: "/workspace/cargo-home/bin/cargo" "+af3c6e733a40e671550e0f0f5aeecaa13772ba56" "generate-lockfile" "--manifest-path" "Cargo.toml" "-Zno-index-update", kill_on_drop: false }`
[INFO] running `Command { std: "/workspace/cargo-home/bin/cargo" "+af3c6e733a40e671550e0f0f5aeecaa13772ba56" "fetch" "--locked" "--manifest-path" "Cargo.toml", kill_on_drop: false }`
[INFO] running `Command { std: "docker" "create" "-v" "/var/lib/crater-agent-workspace/builds/worker-7/target:/opt/rustwide/target:rw,Z" "-v" "/var/lib/crater-agent-workspace/builds/worker-7/source:/opt/rustwide/workdir:ro,Z" "-v" "/var/lib/crater-agent-workspace/cargo-home:/opt/rustwide/cargo-home:ro,Z" "-v" "/var/lib/crater-agent-workspace/rustup-home:/opt/rustwide/rustup-home:ro,Z" "-e" "SOURCE_DIR=/opt/rustwide/workdir" "-e" "CARGO_TARGET_DIR=/opt/rustwide/target" "-e" "CARGO_HOME=/opt/rustwide/cargo-home" "-e" "RUSTUP_HOME=/opt/rustwide/rustup-home" "-w" "/opt/rustwide/workdir" "-m" "1610612736" "--user" "0:0" "--network" "none" "rustops/crates-build-env@sha256:d92eaeed33fa75130ca1ee6c8a01d1ffb62bac859dfdfb3450e3e5d1c0146529" "/opt/rustwide/cargo-home/bin/cargo" "+af3c6e733a40e671550e0f0f5aeecaa13772ba56" "metadata" "--no-deps" "--format-version=1", kill_on_drop: false }`
[INFO] [stderr] WARNING: Your kernel does not support swap limit capabilities or the cgroup is not mounted. Memory limited without swap.
[INFO] [stdout] 125c5f9855105142c2dd315d04c59dbcc3ae9484388d91b7dec3a3d9087e0322
[INFO] running `Command { std: "docker" "start" "-a" "125c5f9855105142c2dd315d04c59dbcc3ae9484388d91b7dec3a3d9087e0322", kill_on_drop: false }`
[INFO] running `Command { std: "docker" "inspect" "125c5f9855105142c2dd315d04c59dbcc3ae9484388d91b7dec3a3d9087e0322", kill_on_drop: false }`
[INFO] running `Command { std: "docker" "rm" "-f" "125c5f9855105142c2dd315d04c59dbcc3ae9484388d91b7dec3a3d9087e0322", kill_on_drop: false }`
[INFO] [stdout] 125c5f9855105142c2dd315d04c59dbcc3ae9484388d91b7dec3a3d9087e0322
[INFO] running `Command { std: "docker" "create" "-v" "/var/lib/crater-agent-workspace/builds/worker-7/target:/opt/rustwide/target:rw,Z" "-v" "/var/lib/crater-agent-workspace/builds/worker-7/source:/opt/rustwide/workdir:ro,Z" "-v" "/var/lib/crater-agent-workspace/cargo-home:/opt/rustwide/cargo-home:ro,Z" "-v" "/var/lib/crater-agent-workspace/rustup-home:/opt/rustwide/rustup-home:ro,Z" "-e" "SOURCE_DIR=/opt/rustwide/workdir" "-e" "CARGO_TARGET_DIR=/opt/rustwide/target" "-e" "CARGO_INCREMENTAL=0" "-e" "RUST_BACKTRACE=full" "-e" "RUSTFLAGS=--cap-lints=forbid" "-e" "CARGO_HOME=/opt/rustwide/cargo-home" "-e" "RUSTUP_HOME=/opt/rustwide/rustup-home" "-w" "/opt/rustwide/workdir" "-m" "1610612736" "--user" "0:0" "--network" "none" "rustops/crates-build-env@sha256:d92eaeed33fa75130ca1ee6c8a01d1ffb62bac859dfdfb3450e3e5d1c0146529" "/opt/rustwide/cargo-home/bin/cargo" "+af3c6e733a40e671550e0f0f5aeecaa13772ba56" "check" "--frozen" "--all" "--all-targets" "--message-format=json", kill_on_drop: false }`
[INFO] [stdout] 3bc4ce02da2d8fa2780aa9fc0a8961fc397c5089a189929539c816d2cfb6a1f6
[INFO] [stderr] WARNING: Your kernel does not support swap limit capabilities or the cgroup is not mounted. Memory limited without swap.
[INFO] running `Command { std: "docker" "start" "-a" "3bc4ce02da2d8fa2780aa9fc0a8961fc397c5089a189929539c816d2cfb6a1f6", kill_on_drop: false }`
[INFO] [stderr]     Blocking waiting for file lock on package cache
[INFO] [stderr]    Compiling unicode-xid v0.2.1
[INFO] [stderr]    Compiling syn v1.0.40
[INFO] [stderr]    Compiling bitflags v1.2.1
[INFO] [stderr]    Compiling memchr v2.3.3
[INFO] [stderr]    Compiling version_check v0.9.2
[INFO] [stderr]     Checking slab v0.4.2
[INFO] [stderr]    Compiling proc-macro2 v0.4.30
[INFO] [stderr]    Compiling rayon-core v1.8.0
[INFO] [stderr]    Compiling unicode-xid v0.1.0
[INFO] [stderr]     Checking matches v0.1.8
[INFO] [stderr]    Compiling httparse v1.3.4
[INFO] [stderr]     Checking hashbrown v0.9.0
[INFO] [stderr]    Compiling ryu v1.0.5
[INFO] [stderr]    Compiling num-derive v0.2.5
[INFO] [stderr]     Checking safemem v0.3.3
[INFO] [stderr]     Checking percent-encoding v2.1.0
[INFO] [stderr]    Compiling serde_json v1.0.57
[INFO] [stderr]     Checking quick-error v1.2.3
[INFO] [stderr]     Checking ansi_term v0.11.0
[INFO] [stderr]     Checking unicode-width v0.1.8
[INFO] [stderr]    Compiling pulldown-cmark v0.6.1
[INFO] [stderr]     Checking same-file v1.0.6
[INFO] [stderr]     Checking rustc-demangle v0.1.16
[INFO] [stderr]     Checking ansi_term v0.12.1
[INFO] [stderr]    Compiling num-traits v0.2.12
[INFO] [stderr]    Compiling indexmap v1.6.0
[INFO] [stderr]    Compiling num-integer v0.1.43
[INFO] [stderr]     Checking tracing-core v0.1.16
[INFO] [stderr]    Compiling rayon v1.4.0
[INFO] [stderr]    Compiling num-rational v0.2.4
[INFO] [stderr]    Compiling num-iter v0.1.41
[INFO] [stderr]    Compiling onig_sys v69.1.0
[INFO] [stderr]     Checking futures-channel v0.3.5
[INFO] [stderr]     Checking inflate v0.4.5
[INFO] [stderr]     Checking unicode-bidi v0.3.4
[INFO] [stderr]     Checking line-wrap v0.1.1
[INFO] [stderr]     Checking humantime v1.3.0
[INFO] [stderr]     Checking pretty_assertions v0.6.1
[INFO] [stderr]    Compiling proc-macro2 v1.0.21
[INFO] [stderr]     Checking log v0.4.11
[INFO] [stderr]     Checking walkdir v2.3.1
[INFO] [stderr]     Checking crc32fast v1.2.0
[INFO] [stderr]    Compiling unicase v2.6.0
[INFO] [stderr]     Checking crossbeam-utils v0.7.2
[INFO] [stderr]     Checking net2 v0.2.35
[INFO] [stderr]     Checking socket2 v0.3.15
[INFO] [stderr]     Checking term_size v0.3.2
[INFO] [stderr]     Checking backtrace v0.3.50
[INFO] [stderr]     Checking deflate v0.7.20
[INFO] [stderr]     Checking openssl-sys v0.9.58
[INFO] [stderr]     Checking bincode v1.3.1
[INFO] [stderr]     Checking flate2 v1.0.17
[INFO] [stderr]     Checking tracing v0.1.19
[INFO] [stderr]     Checking want v0.3.0
[INFO] [stderr]     Checking plist v0.4.2
[INFO] [stderr]     Checking idna v0.2.0
[INFO] [stderr]     Checking mio v0.6.22
[INFO] [stderr]     Checking textwrap v0.11.0
[INFO] [stderr]     Checking async-compression v0.3.5
[INFO] [stderr]     Checking crossbeam-epoch v0.8.2
[INFO] [stderr]     Checking crossbeam-channel v0.4.4
[INFO] [stderr]     Checking clap v2.33.3
[INFO] [stderr]     Checking openssl v0.10.30
[INFO] [stderr]    Compiling quote v1.0.7
[INFO] [stderr]     Checking png v0.15.3
[INFO] [stderr]    Compiling quote v0.6.13
[INFO] [stderr]     Checking crossbeam-deque v0.7.3
[INFO] [stderr]     Checking url v2.1.1
[INFO] [stderr]    Compiling mime_guess v2.0.3
[INFO] [stderr]    Compiling syn v0.15.44
[INFO] [stderr]     Checking tokio v0.2.22
[INFO] [stderr]     Checking serde_urlencoded v0.6.1
[INFO] [stderr]     Checking native-tls v0.2.4
[INFO] [stderr]     Checking onig v4.3.3
[INFO] [stderr]     Checking tokio-util v0.3.1
[INFO] [stderr]     Checking tokio-tls v0.3.1
[INFO] [stderr]     Checking jpeg-decoder v0.1.20
[INFO] [stderr]     Checking tiff v0.3.1
[INFO] [stderr]     Checking image v0.22.5
[INFO] [stderr]    Compiling synstructure v0.12.4
[INFO] [stderr]    Compiling pin-project-internal v0.4.23
[INFO] [stderr]    Compiling serde_derive v1.0.116
[INFO] [stderr]    Compiling failure_derive v0.1.8
[INFO] [stderr]     Checking failure v0.1.8
[INFO] [stderr]     Checking pin-project v0.4.23
[INFO] [stderr]     Checking futures-util v0.3.5
[INFO] [stderr]     Checking syntect v3.1.0
[INFO] [stderr]     Checking h2 v0.2.6
[INFO] [stderr]     Checking hyper v0.13.7
[INFO] [stderr]     Checking hyper-tls v0.4.3
[INFO] [stderr]     Checking reqwest v0.10.8
[INFO] [stderr]     Checking md_render_lib v0.1.0 (/opt/rustwide/workdir)
[INFO] [stdout] warning: function is never used: `dump_events`
[INFO] [stdout]   --> src/handler.rs:93:8
[INFO] [stdout]    |
[INFO] [stdout] 93 | pub fn dump_events<'a, W, I>(writer: &mut W, events: I) -> Result<(), Error>
[INFO] [stdout]    |        ^^^^^^^^^^^
[INFO] [stdout]    |
[INFO] [stdout]    = note: `#[warn(dead_code)]` on by default
[INFO] [stdout] 
[INFO] [stdout] 
[INFO] [stdout] warning: variant is never constructed: `LocalOnly`
[INFO] [stdout]   --> src/resources.rs:29:5
[INFO] [stdout]    |
[INFO] [stdout] 29 |     LocalOnly,
[INFO] [stdout]    |     ^^^^^^^^^
[INFO] [stdout] 
[INFO] [stdout] 
[INFO] [stdout] warning: variant is never constructed: `None`
[INFO] [stdout]   --> src/terminal/mod.rs:34:5
[INFO] [stdout]    |
[INFO] [stdout] 34 |     None,
[INFO] [stdout]    |     ^^^^
[INFO] [stdout] 
[INFO] [stdout] 
[INFO] [stdout] warning: associated function is never used: `none`
[INFO] [stdout]   --> src/terminal/mod.rs:96:12
[INFO] [stdout]    |
[INFO] [stdout] 96 |     pub fn none() -> TerminalCapabilities {
[INFO] [stdout]    |            ^^^^
[INFO] [stdout] 
[INFO] [stdout] 
[INFO] [stdout] warning: 4 warnings emitted
[INFO] [stdout] 
[INFO] [stdout] 
[INFO] [stdout] warning: unused import: `md_render_lib`
[INFO] [stdout]  --> tests/simple.rs:1:5
[INFO] [stdout]   |
[INFO] [stdout] 1 | use md_render_lib;
[INFO] [stdout]   |     ^^^^^^^^^^^^^
[INFO] [stdout]   |
[INFO] [stdout]   = note: `#[warn(unused_imports)]` on by default
[INFO] [stdout] 
[INFO] [stdout] 
[INFO] [stdout] warning: 1 warning emitted
[INFO] [stdout] 
[INFO] [stdout] 
[INFO] [stdout] error[E0433]: failed to resolve: use of undeclared type or module `mdcat`
[INFO] [stdout]   --> tests/formatting.rs:37:20
[INFO] [stdout]    |
[INFO] [stdout] 37 |         let size = mdcat::TerminalSize::default();
[INFO] [stdout]    |                    ^^^^^ use of undeclared type or module `mdcat`
[INFO] [stdout] 
[INFO] [stdout] 
[INFO] [stdout] error[E0433]: failed to resolve: use of undeclared type or module `mdcat`
[INFO] [stdout]   --> tests/formatting.rs:44:9
[INFO] [stdout]    |
[INFO] [stdout] 44 |         mdcat::push_tty(
[INFO] [stdout]    |         ^^^^^ use of undeclared type or module `mdcat`
[INFO] [stdout] 
[INFO] [stdout] 
[INFO] [stdout] error[E0433]: failed to resolve: use of undeclared type or module `mdcat`
[INFO] [stdout]   --> tests/formatting.rs:46:14
[INFO] [stdout]    |
[INFO] [stdout] 46 |             &mdcat::TerminalCapabilities::ansi(),
[INFO] [stdout]    |              ^^^^^ use of undeclared type or module `mdcat`
[INFO] [stdout] 
[INFO] [stdout] 
[INFO] [stdout] error[E0433]: failed to resolve: use of undeclared type or module `mdcat`
[INFO] [stdout]   --> tests/formatting.rs:50:13
[INFO] [stdout]    |
[INFO] [stdout] 50 |             mdcat::ResourceAccess::LocalOnly,
[INFO] [stdout]    |             ^^^^^ use of undeclared type or module `mdcat`
[INFO] [stdout] 
[INFO] [stdout] 
[INFO] [stdout] error: aborting due to 4 previous errors
[INFO] [stdout] 
[INFO] [stdout] 
[INFO] [stdout] For more information about this error, try `rustc --explain E0433`.
[INFO] [stdout] 
[INFO] [stderr] error: could not compile `md_render_lib`.
[INFO] [stderr] 
[INFO] [stderr] To learn more, run the command again with --verbose.
[INFO] running `Command { std: "docker" "inspect" "3bc4ce02da2d8fa2780aa9fc0a8961fc397c5089a189929539c816d2cfb6a1f6", kill_on_drop: false }`
[INFO] running `Command { std: "docker" "rm" "-f" "3bc4ce02da2d8fa2780aa9fc0a8961fc397c5089a189929539c816d2cfb6a1f6", kill_on_drop: false }`
[INFO] [stdout] 3bc4ce02da2d8fa2780aa9fc0a8961fc397c5089a189929539c816d2cfb6a1f6
